 is the greatest common divisor of 7 and 847?
7
Calculate the highest common divisor of 962 and 26.
26
Calculate the greatest common factor of 250 and 3125.
125
What is the highest common divisor of 2985 and 5?
5
What is the greatest common divisor of 9 and 65115?
9
Calculate the greatest common factor of 4 and 13964.
4
Calculate the greatest common factor of 145 and 696.
29
Calculate the greatest common divisor of 279 and 396.
9
Calculate the highest common divisor of 122 and 4270.
122
Calculate the greatest common divisor of 9 and 252.
9
Calculate the greatest common factor of 120 and 1065.
15
Calculate the greatest common divisor of 40 and 170.
10
Calculate the highest common divisor of 53 and 1.
1
What is the highest common factor of 320 and 12640?
160
What is the greatest common factor of 299 and 23?
23
Calculate the greatest common divisor of 32 and 1808.
16
What is the greatest common factor of 868 and 28?
28
Calculate the highest common divisor of 22087 and 13.
13
What is the highest common factor of 8921 and 33?
11
What is the greatest common divisor of 60 and 690?
30
What is the highest common divisor of 348 and 78?
6
Calculate the greatest common factor of 33 and 132.
33
Calculate the greatest common divisor of 594 and 54.
54
Calculate the greatest common factor of 3 and 129.
3
What is the highest common divisor of 17 and 1?
1
What is the highest common divisor of 253 and 44?
11
Calculate the greatest common divisor of 28 and 8022.
14
What is the highest common divisor of 455 and 195?
65
What is the greatest common factor of 418 and 22?
22
Calculate the highest common divisor of 176 and 5632.
176
Calculate the highest common divisor of 6 and 1434.
6
What is the highest common divisor of 12 and 2370?
6
Calculate the highest common divisor of 11550 and 66.
66
Calculate the highest common factor of 72 and 2568.
24
What is the greatest common divisor of 171 and 475?
19
What is the highest common divisor of 700 and 28?
28
Calculate the greatest common factor of 33 and 363.
33
Calculate the highest common factor of 867 and 102.
51
Calculate the highest common divisor of 182 and 112.
14
Calculate the greatest common factor of 1120 and 96.
32
Calculate the highest common factor of 11 and 517.
11
Calculate the greatest common factor of 50 and 650.
50
What is the highest common factor of 320 and 1840?
80
Calculate the greatest common factor of 34 and 1088.
34
What is the greatest common factor of 15 and 5385?
15
What is the highest common factor of 1328 and 16?
16
Calculate the highest common divisor of 6851 and 26.
13
What is the highest common factor of 1501 and 152?
19
Calculate the highest common divisor of 8399 and 37.
37
Calculate the greatest common divisor of 68 and 119.
17
Calculate the highest common divisor of 4 and 13.
1
Calculate the highest common factor of 176 and 220.
44
What is the greatest common divisor of 16303 and 14?
7
What is the highest common divisor of 9 and 2082?
3
What is the highest common divisor of 1188 and 88?
44
What is the greatest common factor of 765 and 5202?
153
What is the highest common factor of 368 and 2047?
23
Calculate the highest common divisor of 20 and 155.
5
What is the highest common factor of 147 and 392?
49
What is the greatest common divisor of 88 and 308?
44
Calculate the highest common factor of 4365 and 360.
45
What is the highest common factor of 19 and 6631?
19
Calculate the greatest common divisor of 35 and 1463.
7
Calculate the highest common divisor of 3076 and 4.
4
What is the greatest common factor of 70 and 10?
10
Calculate the greatest common divisor of 14 and 268.
2
What is the highest common factor of 2405 and 130?
65
Calculate the highest common divisor of 363 and 132.
33
Calculate the highest common factor of 1342 and 11.
11
What is the greatest common factor of 10 and 2655?
5
What is the highest common divisor of 55199 and 191?
191
Calculate the greatest common factor of 192 and 36.
12
What is the highest common divisor of 253 and 121?
11
Calculate the greatest common divisor of 18 and 14652.
18
What is the highest common factor of 9125 and 125?
125
What is the greatest common divisor of 336 and 21?
21
Calculate the highest common factor of 90 and 1686.
6
What is the greatest common divisor of 1115 and 5?
5
Calculate the greatest common factor of 27 and 14607.
27
What is the highest common factor of 40 and 85?
5
What is the greatest common divisor of 273 and 42?
21
Calculate the greatest common divisor of 13 and 56992.
13
What is the highest common factor of 72 and 8082?
18
What is the highest common divisor of 572 and 88?
44
Calculate the greatest common factor of 5713 and 197.
197
Calculate the greatest common divisor of 2295 and 85.
85
Calculate the greatest common divisor of 9730 and 5.
5
Calculate the greatest common factor of 18040 and 44.
44
Calculate the greatest common divisor of 585 and 45.
45
What is the greatest common divisor of 28 and 21?
7
What is the highest common divisor of 9 and 10341?
9
Calculate the highest common divisor of 64 and 1120.
32
Calculate the highest common factor of 70 and 28.
14
Calculate the greatest common factor of 3683 and 254.
127
Calculate the highest common divisor of 7 and 20.
1
Calculate the highest common factor of 12364 and 1967.
281
Calculate the highest common factor of 20 and 620.
20
What is the highest common divisor of 70 and 154?
14
Calculate the greatest common factor of 54 and 26.
2
Calculate the greatest common factor of 29 and 35177.
29
What is the greatest common divisor of 77 and 33?
11
What is the greatest common factor of 513 and 540?
27
Calculate the greatest common divisor of 8729 and 43.
43
Calculate the greatest common divisor of 2139 and 155.
31
Calculate the highest common divisor of 629 and 185.
37
Calculate the highest common divisor of 1304 and 80.
8
Calculate the greatest common divisor of 104 and 468.
52
Calculate the greatest common factor of 138 and 2254.
46
Calculate the greatest common factor of 33 and 253.
11
Calculate the highest common factor of 87 and 203.
29
What is the greatest common factor of 88 and 16?
8
Calculate the greatest common divisor of 16 and 1496.
8
Calculate the greatest common factor of 139 and 556.
139
What is the highest common divisor of 730 and 35?
5
What is the greatest common factor of 10 and 26?
2
Calculate the highest common factor of 75 and 300.
75
What is the greatest common divisor of 94 and 47?
47
What is the greatest common divisor of 324 and 24?
12
Calculate the greatest common factor of 5312 and 320.
64
What is the highest common divisor of 3888 and 4212?
324
Calculate the highest common divisor of 14 and 154.
14
What is the greatest common divisor of 90 and 9810?
90
What is the highest common divisor of 2185 and 1045?
95
What is the greatest common factor of 278 and 10981?
139
Calculate the greatest common divisor of 27872 and 13.
13
What is the greatest common factor of 1080 and 225?
45
Calculate the greatest common factor of 138 and 6486.
138
Calculate the highest common factor of 22 and 77.
11
What is the greatest common factor of 51 and 136?
17
What is the greatest common factor of 34 and 6?
2
Calculate the greatest common divisor of 477 and 54.
9
What is the greatest common factor of 407 and 296?
37
What is the highest common divisor of 4268 and 220?
44
Calculate the greatest common factor of 666 and 234.
18
What is the greatest common divisor of 6989 and 58?
29
Calculate the greatest common factor of 121 and 11979.
121
What is the greatest common divisor of 2 and 1058?
2
Calculate the highest common factor of 46886 and 238.
238
Calculate the highest common divisor of 2060 and 40.
20
Calculate the greatest common divisor of 41 and 27511.
41
What is the highest common divisor of 36 and 28?
4
Calculate the highest common factor of 17 and 5508.
17
Calculate the greatest common divisor of 50 and 1070.
10
What is the highest common divisor of 49 and 36848?
49
What is the greatest common divisor of 603 and 9?
9
What is the greatest common divisor of 130 and 1118?
26
What is the greatest common factor of 2167 and 121?
11
Calculate the highest common factor of 1851 and 6.
3
What is the highest common divisor of 330 and 3?
3
Calculate the highest common divisor of